+ 2 + 0 + (-7 - (8 + -6 + 59))?
-63
8 + 9 - -10 - (-4 + 16 + -6)
21
42 + (-250 - -245) + (0 - 39)
-2
Evaluate 2 + -9 + 0 + -9.
-16
Evaluate -132 - -143 - (-14 + 25).
0
-60 + 122 + -46 + 76
92
What is the value of -17 + (-21 + 34 - 41)?
-45
What is (0 - (3 - (2 - -12))) + (15 - -48 - -36)?
110
What is (-69 - 32) + (-391 - -385)?
-107
90 + -4 + (-220 - -197) - (-12 + 0)
75
Calculate (7 + (-1 - 2) - 2) + (-21 - (-11 + 18)).
-26
What is 20 - (40 - 10 - 20 - -4)?
6
What is 0 - (-7 + 8 + -14 + 31)?
-18
What is 2 + -2 - 83 - (58 + (0 - 9) - 44)?
-88
Calculate 7 + 2 + 11 + 3 + 26.
49
What is the value of 51 - -1 - (-29 + 34 - -17)?
30
Calculate (-65 - 21) + 97 + 10 + 1.
22
Evaluate 46 + (-35 - -31) - 5.
37
137 + -2 + -87 + -68 + 117
97
What is -126 + (125 - (-55 - -99))?
-45
What is 38 + (-5 + (-1 + 1 - (109 - 108)) - -14)?
46
What is the value of 63 - (13 - 2) - (8 + (18 - 16))?
42
Calculate -358 + 256 - (-16 + 0 + -14).
-72
What is the value of 78 - 92 - -7 - -8?
1
15 + (-9 - -58 - 35)
29
Evaluate -20 + (-12 + 16 - 23 - -2).
-37
-3 + ((-2 + 47 - 0) + (166 - 168) - 11)
29
What is 7 + 9 + -70 + 17?
-37
What is (0 - 0) + (2 - -13) - (4 + 6)?
5
What is the value of -1 - -16 - (93 + 0 + 1130 + -1151)?
-57
What is the value of (29 - 79) + 204 + -23 + -3?
128
Evaluate 117 + (28 - (-7 + 10)) + (-6 - -4).
140
Calculate -9 + -34 + (5 - (-2 - 12 - (0 + -7))).
-31
Evaluate 153 + -57 - 131 - -161.
126
What is the value of 6 + (10 - 102 - (-1 - 11 - -2)) + 6?
-70
What is (4 - -17 - 18) + -20 + -4?
-21
What is the value of (-5 - (-2 + 109)) + 5 + (-12 - 14 - -17)?
-116
Evaluate (-16 - -7) + 42 + -8 - 17.
8
What is 70 - (0 - (4 + -15 + 7 - -4))?
70
Evaluate (-101 - -240 - 156) + (-2 - -24).
5
What is the value of (24 - -16) + (14 + -4 - 0) + -13?
37
-7 + 11 - (-2 - 11 - (-58 - -1))
-40
Evaluate -9 - ((-14 - 22 - -23) + 18 - 23).
9
What is -14 - (-37 - ((-6 - -16) + (1 - 8)))?
26
125 + -117 + 4 + -5 + 13
20
167 - 188 - (47 + -31 + 1 + -1)
-37
Evaluate -121 + (210 - (222 - 110)).
-23
Calculate 391 - 390 - (1 + -12 - 47).
59
What is 55 + -53 + 15 + -13?
4
What is -1 + 2 + 4 - (48 - 91 - -88)?
-40
25 + (-1 + -4 - 24) + 6
2
What is the value of -93 - -98 - (-14 + 41)?
-22
What is the value of -45 - (-8 + (-2 - 0) + 0 + 8)?
-43
What is the value of 0 + (14 - -5) + (25 - 36)?
8
What is the value of -7 + 4 + -2 + -59 + -3 - (69 - 65)?
-71
Calculate 42 + -60 + 1 + (6 - 5) + -55.
-71
Evaluate 32 + (-42 - -42) + 12.
44
What is -33 + -27 + (88 - -10)?
38
What is 12 + -66 + 2 + 3 + 7?
-42
What is (32 - 1) + 458 + -477 + (-13 - -2)?
1
Evaluate 12 + -13 - (13 - (-7 + 5 + 2)).
-14
13 + -117 + 9 + 33 + (2 - -12)
-48
Evaluate 51 - (41 + (53 - 73)).
30
1 + 26 + -18 + (0 - (47 - 2)) - 7
-43
What is (6 - 4) + -1 + (2 - 3 - 47)?
-47
Evaluate (-20 - (-34 + 31 + (2 - 3))) + 49.
33
What is the value of -19 + 29 - -49 - 16?
43
Calculate 0 - 11 - (3 - (3 - 46) - (8 + 4)).
-45
Evaluate -336 + 302 - (-7 + 1) - -23.
-5
What is 25 + -28 - (4 + 8 + (0 - 2))?
-13
12 + -5 + 6 - (16 - 19)
16
What is the value of -3 - -64 - (-3351 + 3293)?
119
(47 + -14 + -47 - (2 + -16)) + -29
-29
What is -6 + (-61 - 3) + 124?
54
Evaluate 19 - (-15 - -8 - -6 - 21 - 20).
61
What is -18 + 45 - (207 + -240)?
60
-28 + (40 - 17) + 3 + 0
-2
-1 + (-13 - -19) - (-3 + -46 - (29 - 40))
43
What is -3 + 1 - (-4 - 29) - ((-131 - -34) + 89)?
39
What is (6 - (-3 - -4)) + (1 - 0) + 3 - -34?
43
Evaluate 5 - 142 - (25 + 5 - 61 - -23).
-129
Calculate -23 + -42 - -182 - 55.
62
71 + 1 + 2 + -1170 + 1211
115
Calculate -8 - (272 - (132 - -13)).
-135
Evaluate -18 - -3 - (-8 - (-16 - (14 - 14))).
-23
Calculate (-1 - (3 - 0) - (253 + -265)) + -84.
-76
What is -33 - (2 - -21 - (-136 - -160))?
-32
Evaluate -89 - (-44 + 22 + (26 + -8 - 17)).
-68
What is 14 - (-311 + 307 - (3 - 30))?
-9
Evaluate (-27 - (-69 - -45)) + 20 + 1 - 106.
-88
Evaluate (-175 - -183) + (4 - (-3 + 2)) + -96.
-83
Evaluate 37 + 0 + 47 + -24.
60
7 + -42 + -7 + 93
51
(-5 + 9 - 5) + (-79 - 4) - -5
-79
(11 - 1) + 71 + (-157 - -41)
-35
Calculate -16 + (-7 + -1 - (17 - 27)) - (8 + -1).
-21
Calculate 14 - 16 - -6 - (6 + -17) - 13.
2
What is the value of -108 + (-15 + (-12 - (12 - 19)) - -27)?
-101
11 - (2 + -7 - (-3 + (0 - 4) + -5))
4
-19 - (-8 + (-23 - (39 + -16)))
35
What is 34 - (59 + -30 - (-2 + 15))?
18
Evaluate -62 - (24 + -76 - -51).
-61
(5 - (-7 - (5 + 6))) + (0 - 33)
-10
What is -18 + 0 + 5 + (12 - 0 - 25 - 7)?
-33
What is -18 + (2 - (145 - 32)) - -32?
-97
214 - 228 - (71 - 3)
-82
-60 + (-43 - (-9 - 75)) - (2 - 46)
25
Calculate -5 + 1 + 3 - (3404 + -3336).
-69
Calculate 5 + (14 - 14) + (-40 - -10) - -25.
0
Evaluate 22 - (-15 + 17 + 19 + -2).
3
Calculate -20 + (1 + (-1 - -17) - -2).
-1
What is (-11 - (-18 + 8) - 4) + (-4 - (0 - 1))?
-8
What is the value of -18 + 41 + -89 - -39?
-27
Calculate 270 + 444 + -605 - (6 - (-1 + -3 + 2)).
101
0 + 19 - (2340 + -2293 - (1 + -62))
-89
Evaluate 81 + -88 + (94 - (3 + 10)).
74
What is the value of (-39 - -12 - -16) + 1 + 29?
19
What is (-11 - (-19 + -5)) + 4 + (-8 - 0)?
9
What is the value of -123 + (-23 + -82 - -313)?
85
Calculate -22 - (-2 - -7 - 6).
-21
Calculate 18 + (12 - -2) + -24 + 24.
32
What is the value of 21 + (-17 - -61) + -113?
-48
Calculate (-13 + 2 - (26 - 48)) + -4 + 43 - -5.
55
(-12 - -25 - (-12 + 32)) + 37
30
Evaluate (-25 - 208) + 259 - (-12 - (-1 - -3)).
40
Evaluate (-15 - (26 + -14 + -23)) + (-35 - (-4 + 2)).
-37
(1 - -30) + (1990 - 2055) - (2 + (1 - -2))
-39
Calculate (22 - -33) + 13 + 22.
90
Calculate 45 + 84 + 43 + -146.
26
What is (5 - 17) + 39 + (2 - -13)?
42
What is the value of -2 + (4 + -4 - (-3 + -4)) + 21 + -14?
12
Evaluate 69 + -88 - 45 - 71.
-135
What is -1 - (-2 - -11 - (1 + 9)) - -23?
23
What is the value of (1 - 26) + (-19 + (-30 - -26) - -8) - 12?
-52
Calculate -13 + -1 - -14 - (126 - (-18 - -22)).
-122
(-27 + 19 + 24 - (21 - 3)) + (109 - 1)
106
Calculate 4 - -9 - (-13 + -12 + (7 - (-74 + 6))).
-37
Evaluate -30 - (-17 - -38) - -89.
38
(-21 - -29) + (-3 - -11 - 0)
16
-69 + 233 - 130 - (2 + -1 - 15)
48
(1037 - 1026) + 23 + 2
36
What is the value of -39 + 94 + (20 - 188)?
-113
-18 - (-49 - (-43 - 12))
-24
Calculate -66 + 17 + 43 - 6.
-12
What is the value of -7 - (-42 + 19 - -23)?
-7
-7 - (-7 + 4) - (217 - 209) - (1 + -7)
-6
What is the value of -2 + 67 - (-36 - (25 + -24) - -25)?
77
What is the value of (-824 - -835 - (1 + 3)) + -13?
-6
What is -39 - ((21 - (13 + -2)) + -2 + -15)?
-32
-4 + -31 + ((2 - 2) + -17 - -6)
-46
What is the value of (26 - 2) + 45 + -90 + 24 - (-1 - 23)?
27
Evaluate 21 + -27 + 20 + -8 + -70 + -3.
-67
86 + 3 + -2062 + 1942
-31
Evaluate (-7 - (26 + -12)) + (1 - -13) + -18.
-25
Evaluate 1 + (11 - -3 - (170 + -165)) + -49.
-39
What is the value of -447 + 368 + (4 - -40)?
-35
41 + -104 + 55 - (20 + 4)
-32
What is the value of (91 - 24) + -43 + (18 - 10)?
32
(-750 - -798) + (-4 - 81)
-37
Evaluate 57 - (-15 - -14) - -24 - (-7 + 1 + -7).
95
What is the value of 5 + (28 - 1) + -90 + -20?
-78
What is -93 - (31 + -48 + -12) - -9?
-55
What is the value of 11 + 55 + -69 + (0 - -61 - (4 + -4))?
58
Calculate 3 + -31 + 0 + 7 + 2 - -9 - -66.
56
(-4 + (0 - -63) - (178 - 180)) + 23
84
Calculate (24 + -13 - -56) + (18 - 23).
62
17 + 28 + (-64 - -41) - 62
-40
Calculate 5 + 0 - (19 - (2 - -19 - -1)).
8
(10 - (-34 - -29) - 13) + 6
8
What is (-4 - ((9 - 21) + (-2 - 9))) + 2?
21
Evaluate ((-17 - 7) + -10 - -2) + -16.
-48
What is the value of (-3 - -2) + -4 + (32 - (8 + -22))?
41
Evaluate 9 + -6 - 19 - 22 - 4.
-42
Evaluate 120 + -148 - ((19 - 126) + 2).
77
What is -21 + (-2 - 0) + (129 + -138 - (-1 - 5))?
-26
Evaluate (355 - 363) + 1 + -15 - -69.
47
(32 - 37) + 8 - 34
-31
What is -113 - (-160 - -42) - (1 - (1 - 64))?
-59
What is 53 - 5 - (-2 - (17 + -46))?
21
0 + (3 - -21) + -442 + 392
-26
What is 2 + 12 + -69 + (21 - -16)?
-18
Evaluate -96 + (16 - -229) + -37.
112
Calculate -719 + 771 - (3 + 92).
-43
What is (-5 - -3 - (20 + 20 + -35)) + -38?
-45
Evaluate (0 + 3 - ((104 - 65) + -6)) + -5.
-35
Evaluate 50 + -58 + 23 - 24.
-9
Evaluate -14 - -8 - (-7 - (8 + 2 + (-1 - 10))).
0
What is -6343 - -6218 - (0 - 35)?
-90
What is the value of (41 - (21 - -18)) + 1 + (1 - -2)?
6
Calculate (4 + 13 - (-62 + 7 + 13)) + 3.
62
Calculate -57 - ((-40 - -96) + -32).
-81
5 + 0 + -88 + (38 - (-6 + 35))
-74
-19 + (17 - 1) 